{"id":828,"date":"2020-03-24T17:17:37","date_gmt":"2020-03-24T16:17:37","guid":{"rendered":"https:\/\/www.aixplo.fr\/?page_id=828"},"modified":"2022-08-18T19:42:00","modified_gmt":"2022-08-18T17:42:00","slug":"biologie-sous-marine-et-biodiversite","status":"publish","type":"page","link":"https:\/\/www.aixplo.fr\/?page_id=828","title":{"rendered":"Biologie sous-marine et biodiversit\u00e9- AixPlo"},"content":{"rendered":"<p>[vc_row css_animation=\u00a0\u00bb\u00a0\u00bb row_type=\u00a0\u00bbrow\u00a0\u00bb use_row_as_full_screen_section=\u00a0\u00bbno\u00a0\u00bb type=\u00a0\u00bbgrid\u00a0\u00bb angled_section=\u00a0\u00bbno\u00a0\u00bb text_align=\u00a0\u00bbleft\u00a0\u00bb background_image_as_pattern=\u00a0\u00bbwithout_pattern\u00a0\u00bb css=\u00a0\u00bb.vc_custom_1585064883180{padding-top: 50px !important;padding-bottom: 40px !important;}\u00a0\u00bb z_index=\u00a0\u00bb\u00a0\u00bb][vc_column][vc_column_text]<\/p>\n<h1>Biologie sous-marine et biodiversit\u00e9<\/h1>\n<p>[\/vc_column_text][vc_column_text css=\u00a0\u00bb.vc_custom_1660843419466{padding-top: 20px !important;}\u00a0\u00bb]Comprendre la beaut\u00e9 mais aussi la fragilit\u00e9 du monde sous-marin.<\/p>\n<p>Vous adorez plonger, vous souhaitez identifier les esp\u00e8ces et les milieux de vos plong\u00e9es d\u2019exploration, vous \u00eates sensibles au respect\u00a0 et \u00e0 la protection de l\u2019environnement, alors les diff\u00e9rentes formations BIO sont pour faites pour vous&#160;! Sandrine, Sylvie, J\u00e9r\u00f4me et S\u00e9bastien, les formateurs bio du club vous proposent&#160;:<\/p>\n<p>&nbsp;<\/p>\n<ul>\n<li>Une initiation \/sensibilisation pour les jeunes<\/li>\n<li>Une attestation de d\u00e9couverte de l\u2019environnement subaquatique<\/li>\n<\/ul>\n<p>Mais aussi pour les plus motiv\u00e9s,<\/p>\n<ul>\n<li><span style=\"color: #3366ff;\">Une formation certifiante plongeur biologiste niveau 1*&#160;:<\/span><\/li>\n<\/ul>\n<p>Pour vous sensibiliser \u00e0 l\u2019approche des milieux aquatiques (observation et protection), observer la faune et la flore et les situer dans les grands groupes de la vie subaquatique, acqu\u00e9rir quelques notions sur les lieux de vie et leurs principaux habitants et savoir comment aborder une plong\u00e9e d\u2019observation en recherchant les animaux \u00e0 partir d\u2019indices.<\/p>\n<h6><em>*A partir du PA12 ( plongeur autonome)<\/em><\/h6>\n<p>&nbsp;<\/p>\n<ul>\n<li><span style=\"color: #3366ff;\">Une formation certifiante plongeur biologiste niveau 2&#160;:<\/span><\/li>\n<\/ul>\n<p>Pour approfondir vos connaissance des grands groupes et des rapports des \u00eatres vivants entre eux et avec leur milieu et appr\u00e9hender les techniques de laboratoire.<\/p>\n<p>&nbsp;<\/p>\n<h5 class=\"LC20lb MBeuO DKV0Md\">La protection de l&rsquo;environnement commence par la connaissance&#160;!<\/h5>\n<p>&nbsp;<\/p>\n<p><img decoding=\"async\" class=\" wp-image-3729\" src=\"https:\/\/aixplo.fr\/wp-content\/uploads\/ecosub-e1639213230873.jpeg\" alt=\"protection environnement\" width=\"94\" height=\"72\" \/><img decoding=\"async\" class=\"wp-image-651 alignleft\" src=\"https:\/\/aixplo.fr\/wp-content\/uploads\/doris_donn\u00e9es_observations_reconnaissance_identification_subaquatiques_logo.png\" alt=\"DORIS - Donn\u00e9es d'Observations pour la Reconnaissance et l'Identification de la faune et la flore Subaquatiques\" width=\"169\" height=\"77\" \/><img decoding=\"async\" class=\"wp-image-2100 alignleft\" src=\"https:\/\/aixplo.fr\/wp-content\/uploads\/parc_national_des_calanques_logo.png\" alt=\"Parc National des Calanques\" width=\"120\" height=\"65\" \/>[\/vc_column_text][vc_empty_space height=\u00a0\u00bb100px\u00a0\u00bb][\/vc_column][\/vc_row]<\/p>\n","protected":false},"excerpt":{"rendered":"<p>[vc_row css_animation=\u00a0\u00bb\u00a0\u00bb row_type=\u00a0\u00bbrow\u00a0\u00bb use_row_as_full_screen_section=\u00a0\u00bbno\u00a0\u00bb type=\u00a0\u00bbgrid\u00a0\u00bb angled_section=\u00a0\u00bbno\u00a0\u00bb text_align=\u00a0\u00bbleft\u00a0\u00bb background_image_as_pattern=\u00a0\u00bbwithout_pattern\u00a0\u00bb css=\u00a0\u00bb.vc_custom_1585064883180{padding-top: 50px !important;padding-bottom: 40px !important;}\u00a0\u00bb z_index=\u00a0\u00bb\u00a0\u00bb][vc_column][vc_column_text] Biologie sous-marine et biodiversit\u00e9 [\/vc_column_text][vc_column_text css=\u00a0\u00bb.vc_custom_1660843419466{padding-top: 20px !important;}\u00a0\u00bb]Comprendre la beaut\u00e9 mais aussi la fragilit\u00e9 du monde sous-marin. Vous adorez plonger, vous souhaitez identifier les esp\u00e8ces et les milieux de vos plong\u00e9es d\u2019exploration, vous \u00eates sensibles au&#8230;<\/p>\n","protected":false},"author":3,"featured_media":0,"parent":0,"menu_order":9,"comment_status":"closed","ping_status":"closed","template":"full_width.php","meta":{"advgb_blocks_editor_width":"","advgb_blocks_columns_visual_guide":"","_monsterinsights_skip_tracking":false,"_monsterinsights_sitenote_active":false,"_monsterinsights_sitenote_note":"","_monsterinsights_sitenote_category":0,"footnotes":""},"class_list":["post-828","page","type-page","status-publish","hentry"],"yoast_head":"<!-- This site is optimized with the Yoast SEO plugin v27.4 - https:\/\/yoast.com\/product\/yoast-seo-wordpress\/ -->\n<title>Biologie sous-marine et biodiversit\u00e9- AixPlo - AixPlo - Aix-en-Provence Plong\u00e9e<\/title>\n<meta name=\"description\" content=\"AixPlo - Aix-en-Provence Plong\u00e9e Etude de la faune et de la flore m\u00e9diterran\u00e9enne et la biodiversit\u00e9 sous-marine. Formation en biologie subaquatique.\" \/>\n<meta name=\"robots\" content=\"index, follow, max-snippet:-1, max-image-preview:large, max-video-preview:-1\" \/>\n<link rel=\"canonical\" href=\"https:\/\/aixplo.fr\/?page_id=828\" \/>\n<meta property=\"og:locale\" content=\"fr_FR\" \/>\n<meta property=\"og:type\" content=\"article\" \/>\n<meta property=\"og:title\" content=\"Biologie sous-marine et biodiversit\u00e9- AixPlo - AixPlo - Aix-en-Provence Plong\u00e9e\" \/>\n<meta property=\"og:description\" content=\"AixPlo - Aix-en-Provence Plong\u00e9e Etude de la faune et de la flore m\u00e9diterran\u00e9enne et la biodiversit\u00e9 sous-marine. Formation en biologie subaquatique.\" \/>\n<meta property=\"og:url\" content=\"https:\/\/aixplo.fr\/?page_id=828\" \/>\n<meta property=\"og:site_name\" content=\"AixPlo - Aix-en-Provence Plong\u00e9e\" \/>\n<meta property=\"article:publisher\" content=\"https:\/\/www.facebook.com\/groups\/616103478484270\" \/>\n<meta property=\"article:modified_time\" content=\"2022-08-18T17:42:00+00:00\" \/>\n<meta property=\"og:image\" content=\"https:\/\/aixplo.fr\/wp-content\/uploads\/ecosub-e1639213230873.jpeg\" \/>\n<meta name=\"twitter:card\" content=\"summary_large_image\" \/>\n<meta name=\"twitter:site\" content=\"@AixPlo_Plongee\" \/>\n<meta name=\"twitter:label1\" content=\"Dur\u00e9e de lecture estim\u00e9e\" \/>\n\t<meta name=\"twitter:data1\" content=\"2 minutes\" \/>\n<script type=\"application\/ld+json\" class=\"yoast-schema-graph\">{\"@context\":\"https:\\\/\\\/schema.org\",\"@graph\":[{\"@type\":\"WebPage\",\"@id\":\"https:\\\/\\\/aixplo.fr\\\/?page_id=828\",\"url\":\"https:\\\/\\\/aixplo.fr\\\/?page_id=828\",\"name\":\"Biologie sous-marine et biodiversit\u00e9- AixPlo - AixPlo - Aix-en-Provence Plong\u00e9e\",\"isPartOf\":{\"@id\":\"https:\\\/\\\/www.aixplo.fr\\\/#website\"},\"primaryImageOfPage\":{\"@id\":\"https:\\\/\\\/aixplo.fr\\\/?page_id=828#primaryimage\"},\"image\":{\"@id\":\"https:\\\/\\\/aixplo.fr\\\/?page_id=828#primaryimage\"},\"thumbnailUrl\":\"https:\\\/\\\/aixplo.fr\\\/wp-content\\\/uploads\\\/ecosub-e1639213230873.jpeg\",\"datePublished\":\"2020-03-24T16:17:37+00:00\",\"dateModified\":\"2022-08-18T17:42:00+00:00\",\"description\":\"AixPlo - Aix-en-Provence Plong\u00e9e Etude de la faune et de la flore m\u00e9diterran\u00e9enne et la biodiversit\u00e9 sous-marine. Formation en biologie subaquatique.\",\"breadcrumb\":{\"@id\":\"https:\\\/\\\/aixplo.fr\\\/?page_id=828#breadcrumb\"},\"inLanguage\":\"fr-FR\",\"potentialAction\":[{\"@type\":\"ReadAction\",\"target\":[\"https:\\\/\\\/aixplo.fr\\\/?page_id=828\"]}]},{\"@type\":\"ImageObject\",\"inLanguage\":\"fr-FR\",\"@id\":\"https:\\\/\\\/aixplo.fr\\\/?page_id=828#primaryimage\",\"url\":\"https:\\\/\\\/aixplo.fr\\\/wp-content\\\/uploads\\\/ecosub-e1639213230873.jpeg\",\"contentUrl\":\"https:\\\/\\\/aixplo.fr\\\/wp-content\\\/uploads\\\/ecosub-e1639213230873.jpeg\"},{\"@type\":\"BreadcrumbList\",\"@id\":\"https:\\\/\\\/aixplo.fr\\\/?page_id=828#breadcrumb\",\"itemListElement\":[{\"@type\":\"ListItem\",\"position\":1,\"name\":\"Accueil\",\"item\":\"https:\\\/\\\/www.aixplo.fr\\\/\"},{\"@type\":\"ListItem\",\"position\":2,\"name\":\"Biologie sous-marine et biodiversit\u00e9- AixPlo\"}]},{\"@type\":\"WebSite\",\"@id\":\"https:\\\/\\\/www.aixplo.fr\\\/#website\",\"url\":\"https:\\\/\\\/www.aixplo.fr\\\/\",\"name\":\"AixPlo - Aix-en-Provence Plong\u00e9e\",\"description\":\"\",\"publisher\":{\"@id\":\"https:\\\/\\\/www.aixplo.fr\\\/#organization\"},\"potentialAction\":[{\"@type\":\"SearchAction\",\"target\":{\"@type\":\"EntryPoint\",\"urlTemplate\":\"https:\\\/\\\/www.aixplo.fr\\\/?s={search_term_string}\"},\"query-input\":{\"@type\":\"PropertyValueSpecification\",\"valueRequired\":true,\"valueName\":\"search_term_string\"}}],\"inLanguage\":\"fr-FR\"},{\"@type\":\"Organization\",\"@id\":\"https:\\\/\\\/www.aixplo.fr\\\/#organization\",\"name\":\"AixPlo Aix-en-Provence Plong\u00e9e\",\"url\":\"https:\\\/\\\/www.aixplo.fr\\\/\",\"logo\":{\"@type\":\"ImageObject\",\"inLanguage\":\"fr-FR\",\"@id\":\"https:\\\/\\\/www.aixplo.fr\\\/#\\\/schema\\\/logo\\\/image\\\/\",\"url\":\"https:\\\/\\\/aixplo.fr\\\/wp-content\\\/uploads\\\/logo_aixplo.png\",\"contentUrl\":\"https:\\\/\\\/aixplo.fr\\\/wp-content\\\/uploads\\\/logo_aixplo.png\",\"width\":300,\"height\":300,\"caption\":\"AixPlo Aix-en-Provence Plong\u00e9e\"},\"image\":{\"@id\":\"https:\\\/\\\/www.aixplo.fr\\\/#\\\/schema\\\/logo\\\/image\\\/\"},\"sameAs\":[\"https:\\\/\\\/www.facebook.com\\\/groups\\\/616103478484270\",\"https:\\\/\\\/x.com\\\/AixPlo_Plongee\",\"https:\\\/\\\/www.instagram.com\\\/aixplo.asso\",\"https:\\\/\\\/www.youtube.com\\\/channel\\\/UCgGbHJPu2zRfOyX09x-v16Q\"]}]}<\/script>\n<!-- \/ Yoast SEO plugin. -->","yoast_head_json":{"title":"Biologie sous-marine et biodiversit\u00e9- AixPlo - AixPlo - Aix-en-Provence Plong\u00e9e","description":"AixPlo - Aix-en-Provence Plong\u00e9e Etude de la faune et de la flore m\u00e9diterran\u00e9enne et la biodiversit\u00e9 sous-marine. Formation en biologie subaquatique.","robots":{"index":"index","follow":"follow","max-snippet":"max-snippet:-1","max-image-preview":"max-image-preview:large","max-video-preview":"max-video-preview:-1"},"canonical":"https:\/\/aixplo.fr\/?page_id=828","og_locale":"fr_FR","og_type":"article","og_title":"Biologie sous-marine et biodiversit\u00e9- AixPlo - AixPlo - Aix-en-Provence Plong\u00e9e","og_description":"AixPlo - Aix-en-Provence Plong\u00e9e Etude de la faune et de la flore m\u00e9diterran\u00e9enne et la biodiversit\u00e9 sous-marine. Formation en biologie subaquatique.","og_url":"https:\/\/aixplo.fr\/?page_id=828","og_site_name":"AixPlo - Aix-en-Provence Plong\u00e9e","article_publisher":"https:\/\/www.facebook.com\/groups\/616103478484270","article_modified_time":"2022-08-18T17:42:00+00:00","og_image":[{"url":"https:\/\/aixplo.fr\/wp-content\/uploads\/ecosub-e1639213230873.jpeg","type":"","width":"","height":""}],"twitter_card":"summary_large_image","twitter_site":"@AixPlo_Plongee","twitter_misc":{"Dur\u00e9e de lecture estim\u00e9e":"2 minutes"},"schema":{"@context":"https:\/\/schema.org","@graph":[{"@type":"WebPage","@id":"https:\/\/aixplo.fr\/?page_id=828","url":"https:\/\/aixplo.fr\/?page_id=828","name":"Biologie sous-marine et biodiversit\u00e9- AixPlo - AixPlo - Aix-en-Provence Plong\u00e9e","isPartOf":{"@id":"https:\/\/www.aixplo.fr\/#website"},"primaryImageOfPage":{"@id":"https:\/\/aixplo.fr\/?page_id=828#primaryimage"},"image":{"@id":"https:\/\/aixplo.fr\/?page_id=828#primaryimage"},"thumbnailUrl":"https:\/\/aixplo.fr\/wp-content\/uploads\/ecosub-e1639213230873.jpeg","datePublished":"2020-03-24T16:17:37+00:00","dateModified":"2022-08-18T17:42:00+00:00","description":"AixPlo - Aix-en-Provence Plong\u00e9e Etude de la faune et de la flore m\u00e9diterran\u00e9enne et la biodiversit\u00e9 sous-marine. Formation en biologie subaquatique.","breadcrumb":{"@id":"https:\/\/aixplo.fr\/?page_id=828#breadcrumb"},"inLanguage":"fr-FR","potentialAction":[{"@type":"ReadAction","target":["https:\/\/aixplo.fr\/?page_id=828"]}]},{"@type":"ImageObject","inLanguage":"fr-FR","@id":"https:\/\/aixplo.fr\/?page_id=828#primaryimage","url":"https:\/\/aixplo.fr\/wp-content\/uploads\/ecosub-e1639213230873.jpeg","contentUrl":"https:\/\/aixplo.fr\/wp-content\/uploads\/ecosub-e1639213230873.jpeg"},{"@type":"BreadcrumbList","@id":"https:\/\/aixplo.fr\/?page_id=828#breadcrumb","itemListElement":[{"@type":"ListItem","position":1,"name":"Accueil","item":"https:\/\/www.aixplo.fr\/"},{"@type":"ListItem","position":2,"name":"Biologie sous-marine et biodiversit\u00e9- AixPlo"}]},{"@type":"WebSite","@id":"https:\/\/www.aixplo.fr\/#website","url":"https:\/\/www.aixplo.fr\/","name":"AixPlo - Aix-en-Provence Plong\u00e9e","description":"","publisher":{"@id":"https:\/\/www.aixplo.fr\/#organization"},"potentialAction":[{"@type":"SearchAction","target":{"@type":"EntryPoint","urlTemplate":"https:\/\/www.aixplo.fr\/?s={search_term_string}"},"query-input":{"@type":"PropertyValueSpecification","valueRequired":true,"valueName":"search_term_string"}}],"inLanguage":"fr-FR"},{"@type":"Organization","@id":"https:\/\/www.aixplo.fr\/#organization","name":"AixPlo Aix-en-Provence Plong\u00e9e","url":"https:\/\/www.aixplo.fr\/","logo":{"@type":"ImageObject","inLanguage":"fr-FR","@id":"https:\/\/www.aixplo.fr\/#\/schema\/logo\/image\/","url":"https:\/\/aixplo.fr\/wp-content\/uploads\/logo_aixplo.png","contentUrl":"https:\/\/aixplo.fr\/wp-content\/uploads\/logo_aixplo.png","width":300,"height":300,"caption":"AixPlo Aix-en-Provence Plong\u00e9e"},"image":{"@id":"https:\/\/www.aixplo.fr\/#\/schema\/logo\/image\/"},"sameAs":["https:\/\/www.facebook.com\/groups\/616103478484270","https:\/\/x.com\/AixPlo_Plongee","https:\/\/www.instagram.com\/aixplo.asso","https:\/\/www.youtube.com\/channel\/UCgGbHJPu2zRfOyX09x-v16Q"]}]}},"coauthors":[],"author_meta":{"author_link":"https:\/\/www.aixplo.fr\/?author=3","display_name":"Corinne"},"relative_dates":{"created":"Publi\u00e9 6 ans il y a","modified":"Mis \u00e0 jour 4 ans il y a"},"absolute_dates":{"created":"Publi\u00e9 le 24 mars 2020","modified":"Mise \u00e0 jour le 18 ao\u00fbt 2022"},"absolute_dates_time":{"created":"Publi\u00e9 le 24 mars 2020 17 h 17 min","modified":"Mise \u00e0 jour le 18 ao\u00fbt 2022 19 h 42 min"},"featured_img_caption":"","featured_img":false,"series_order":"","_links":{"self":[{"href":"https:\/\/www.aixplo.fr\/index.php?rest_route=\/wp\/v2\/pages\/828","targetHints":{"allow":["GET"]}}],"collection":[{"href":"https:\/\/www.aixplo.fr\/index.php?rest_route=\/wp\/v2\/pages"}],"about":[{"href":"https:\/\/www.aixplo.fr\/index.php?rest_route=\/wp\/v2\/types\/page"}],"author":[{"embeddable":true,"href":"https:\/\/www.aixplo.fr\/index.php?rest_route=\/wp\/v2\/users\/3"}],"replies":[{"embeddable":true,"href":"https:\/\/www.aixplo.fr\/index.php?rest_route=%2Fwp%2Fv2%2Fcomments&post=828"}],"version-history":[{"count":17,"href":"https:\/\/www.aixplo.fr\/index.php?rest_route=\/wp\/v2\/pages\/828\/revisions"}],"predecessor-version":[{"id":3993,"href":"https:\/\/www.aixplo.fr\/index.php?rest_route=\/wp\/v2\/pages\/828\/revisions\/3993"}],"wp:attachment":[{"href":"https:\/\/www.aixplo.fr\/index.php?rest_route=%2Fwp%2Fv2%2Fmedia&parent=828"}],"curies":[{"name":"wp","href":"https:\/\/api.w.org\/{rel}","templated":true}]}}